. Calculate the highest common factor of o and x.
1
Let q = 30 + -2. Let j be (q/7)/((-4)/(-14)). Calculate the highest common factor of 35 and j.
7
Let w = -15 - -41. Suppose 936 = -2*h + 6*h. What is the highest common factor of h and w?
26
Let a(q) = 6*q - 8. Let b be a(2). What is the highest common factor of 44 and b?
4
Let f = 25 - 6. Suppose 3*z - 2*n = -1, 4*n - f = 2*z - n. What is the highest common divisor of 3 and z?
3
Let w = -8 + 8. Let g(q) = -q**2 + q + 3. Let l be g(w). What is the greatest common divisor of l and 24?
3
Let i be (-4)/6 + (-976)/(-6). Let h(m) = 2*m**3 - 3*m**2 + m. Let o be h(2). Suppose 0 = -4*r + o + 66. Calculate the highest common divisor of i and r.
18
Suppose 1 - 13 = 4*i. Let k = -13 - -19. Let j = i + k. Calculate the greatest common factor of 12 and j.
3
Suppose -57 - 60 = -13*q. Calculate the highest common divisor of 27 and q.
9
Let c(d) = 5*d**3 - 4*d**2 + 2*d. Let x be c(3). Calculate the highest common divisor of 42 and x.
21
Let z be (-4)/6 + (-28)/12. Let b be (-4)/(8/z + 2). Let g be 40/6 - 4/b. Calculate the highest common divisor of 4 and g.
2
Let k = 65 + 4. Calculate the greatest common divisor of 46 and k.
23
Let h be ((-60)/(-75))/((7/(-30))/(-7)). Calculate the greatest common divisor of h and 3.
3
Let r = 88 + 24. What is the greatest common factor of 14 and r?
14
Suppose 4*i - 431 = 97. Suppose -4*g = -9 - 11. Suppose g*v + 4*s - 60 = 20, -4*s + 32 = v. What is the greatest common factor of i and v?
12
Let a(h) = -2*h**3 - h**2 + 7*h + 6. Let k be a(-3). What is the greatest common divisor of k and 210?
30
Suppose 3*g = 325 + 71. Calculate the highest common divisor of g and 12.
12
Suppose 0 = 2*m - m - 56. Calculate the greatest common divisor of m and 14.
14
Let h = 9 - 2. Let l be 36/28 - 2/h. Calculate the highest common factor of 9 and l.
1
Let c be 570/35 - 4/14. What is the highest common factor of c and 112?
16
Suppose 720 = 8*g - 0*g. Calculate the highest common factor of 18 and g.
18
Let m(a) = -14*a**2 - 7*a - 26. Let p(i) = 5*i**2 + 2*i + 9. Let q(l) = -4*m(l) - 11*p(l). Let y be q(-9). What is the highest common factor of y and 4?
4
Let i be 72*3/15*15/6. Calculate the highest common divisor of i and 24.
12
Suppose -5*i + 26 + 124 = 0. What is the highest common factor of 12 and i?
6
Suppose -18 = -2*x + 22. Calculate the greatest common divisor of 10 and x.
10
Suppose 2*v = -4*s + 178, 2*v - 3*s = 4*v - 176. Let f = 206 - v. Suppose -2*t = -3*t + f. Calculate the greatest common divisor of t and 11.
11
Suppose -5*s = -k - 3*k + 402, -5*s - 10 = 0. Calculate the highest common divisor of k and 14.
14
Let a = 44 - 39. Calculate the highest common factor of a and 2.
1
Let f = 8 + -6. Let g(r) = 21*r + 2. Let j be g(f). Calculate the greatest common factor of j and 4.
4
Let a = 1 - -45. Let n be 1 - -1*a - 1. Let r = 80 - n. What is the greatest common divisor of r and 85?
17
Suppose 3*k = k + 22. Calculate the greatest common divisor of 99 and k.
11
Suppose 5*z + 31 = 4*i, -3*z = -2*i + 5*i - 30. Let k = -7 + i. What is the highest common divisor of k and 16?
2
Let g = 121 + -85. What is the highest common divisor of 24 and g?
12
Let h(m) = -m - 2. Let g(o) = -2*o - 3. Let c(f) = 3*g(f) - 7*h(f). Let t be c(-4). Let v be 8*t - (-1 + 1). Calculate the highest common factor of v and 64.
8
Suppose 19*f - 16*f = 324. Let m(c) = 10*c**2 - 3*c + 2. Let b be m(2). Suppose b = -0*i + 3*i. What is the highest common factor of f and i?
12
Suppose d - 4*g = 9, -5*d - 2*g + 8 = 29. Let a be -1 - d/((-3)/(-44)). Let o = a - 1. Calculate the greatest common factor of o and 14.
14
Suppose 0 = 4*r - 2*r - 48. Suppose 0*p + 48 = 2*p + 2*q, -p - 5*q = -r. What is the highest common divisor of 3 and p?
3
Let u = -8 + 17. Let s(d) = -46*d**3 - 2*d**2 - d. Let b be s(-1). What is the highest common divisor of u and b?
9
Let c = 8 - -3. What is the greatest common factor of c and 33?
11
Let h(w) = -w**3 - 3*w**2 + 3*w + 1. Let q be h(-6). Suppose -4*k + 5*m + 9 = -38, 0 = -k + 2*m + 11. What is the greatest common divisor of q and k?
13
Let p(v) = v**2 + 8*v - 8. Let c be p(-9). Suppose 6 = -w + 4*a, a + c = w - 2. Suppose 64 - 256 = -4*d. What is the highest common factor of w and d?
6
Let v(n) = n**2 - n + 12. Suppose -8*t = -4*t. Let u be v(t). Calculate the greatest common factor of u and 48.
12
Suppose -4*g - 3*y = -61, 2*y + 4 = -2*y. What is the greatest common divisor of g and 144?
16
Let r = -352 + 786. Suppose -n - 4*b + 76 = 0, 2*b = -5*n - 0*b + r. Calculate the highest common factor of 11 and n.
11
Suppose -31 = -3*a + s + 180, 2*a - 2*s - 142 = 0. What is the greatest common divisor of a and 10?
10
Let d be (-708)/(-36) + (-2)/(-6). Calculate the greatest common divisor of d and 30.
10
Let t = 378 - 266. Let d(w) = -6 + 3*w**3 - 2*w**3 - 19*w**2 + 7*w**2 + 13*w. Let p be d(11). Calculate the greatest common divisor of p and t.
16
Let l(g) = 57*g + 4. Let k be l(2). Calculate the highest common factor of 177 and k.
59
Let r be (-1206)/(-14) + (-1)/7. What is the greatest common divisor of r and 43?
43
Let r = 8 + 54. What is the highest common factor of r and 93?
31
Let c(l) = -17*l**2 - l - 1. Let d be c(-4). Let k be (-1)/(-3) + d/(-3). Calculate the greatest common factor of 18 and k.
18
Let w be (-39 + -3 + 4)*(-12)/8. Let g be ((-1)/2)/(1/(-38)). Calculate the highest common divisor of w and g.
19
Suppose -3*u + 96 = 3*b, 0 = 2*u - b - 14 - 44. Let v(m) = -m**3 - 7*m**2 + 6. Let t be v(-7). Let c = t - -9. Calculate the highest common divisor of c and u.
15
Let a = 65 + -45. Calculate the highest common divisor of a and 20.
20
Suppose 2*c = -0*d + d - 239, -d - 5*c = -253. What is the greatest common divisor of 27 and d?
27
Let j = -13 + 13. Suppose -6*n + 2*n - 12 = j, -2*o - 5*n + 7 = 0. Let d be 121/2*(2 + 0). What is the greatest common divisor of o and d?
11
Suppose -5*r + 0*r - 20 = 0, -76 = -2*v + r. Calculate the highest common divisor of v and 4.
4
Let n = 0 + -1. Let y(o) = -31*o + 1. Let c be y(n). Let s = c + -18. Calculate the highest common factor of s and 56.
14
Suppose -w + 3*y = -39, 0*y + 9 = w + 3*y. Let b = -8 - -8. Let f be (3 - b) + (0 - -13). What is the highest common factor of w and f?
8
Let r be 3/(2 + 3/(-2)). Let o(p) = p + 2. Let z be o(r). Calculate the highest common factor of z and 2.
2
Suppose 0 = p + 2 - 20. What is the greatest common divisor of 6 and p?
6
Suppose y = -y + 36. What is the highest common factor of y and 36?
18
Let g be (-3)/(-1*3/10). Let w = 18 - 16. What is the greatest common divisor of w and g?
2
Let o be 4*-7*4/(-14). Calculate the highest common divisor of o and 4.
4
Let k = 33 + -1. Suppose k = 5*z - 3. Suppose 2*n - q = 16, 3*n + q + 3*q - 13 = 0. What is the greatest common factor of n and z?
7
Suppose -5*f = 0, -2*g + 3*f = 2*f - 30. Suppose 3*c = -0*c + 5*h + 4, -6 = -c - 3*h. What is the greatest common factor of g and c?
3
Let p be (-1 - 1/(-3))*141. Let a = p - -136. What is the highest common divisor of 6 and a?
6
Let z(r) = r**2 - 3*r - 6. Let t be z(6). Let p be 22/8 + 2/8. Suppose -3*n + p = -t. What is the highest common factor of n and 25?
5
Suppose 7*a - 10*a = -6. Calculate the highest common divisor of 22 and a.
2
Let n(g) = g**3 + 12*g**2 + 20*g + 3. Let r be n(-9). Calculate the greatest common factor of 44 and r.
22
Let d = 101 - -67. Suppose b - 58 = -3*u, -3*u + 2*b - 11 = -4*u. Calculate the highest common divisor of d and u.
21
Suppose -c = r - 6, -4*r - 5*c + 18 = -9. Suppose 5*y = 15, 0*o + r*y - 7 = 2*o. Calculate the greatest common divisor of 5 and o.
1
Let q = -6 + 5. Let w = 14 - q. Calculate the greatest common factor of w and 165.
15
Suppose 6*r - 96 = -2*r. What is the highest common factor of r and 9?
3
Let h be (20/(-25))/(6/(-15)). Calculate the highest common divisor of 10 and h.
2
Let k = -87 - -255. Suppose 5*y - 143 = -5*d - 33, -68 = -3*d - 2*y. What is the greatest common divisor of k and d?
24
Suppose -4*k = -39 - 5. Calculate the highest common factor of 11 and k.
11
Suppose k = 4*y, 3*y - 3*k - 2*k = -17. Suppose -4*r = -y + 5. Let f be 62 - (r + 0 - 0). What is the highest common factor of f and 9?
9
Let q(v) = 2*v - 4. Let a(m) = -3*m + 3. Let c(o) = 3*a(o) + 4*q(o). L